4
Calculate the greatest common divisor of 572382128 and 446.
446
Calculate the highest common divisor of 299245 and 27765.
3085
Calculate the greatest common factor of 220 and 29896394.
22
Calculate the greatest common factor of 517 and 1442287.
11
Calculate the highest common factor of 99860695 and 10.
5
What is the highest common divisor of 440 and 27073090?
110
What is the highest common divisor of 7374 and 437532?
6
What is the greatest common factor of 18 and 1380790?
2
What is the highest common divisor of 14878536 and 1224?
408
What is the highest common divisor of 161924 and 21?
7
What is the highest common divisor of 4774 and 64246756?
434
What is the highest common factor of 888386486 and 4498?
4498
Calculate the greatest common divisor of 67157517 and 1206.
201
Calculate the greatest common factor of 29985 and 2005.
5
Calculate the highest common divisor of 5499 and 3211.
13
What is the greatest common factor of 311784 and 1848?
264
What is the greatest common divisor of 8136448 and 580160?
2368
What is the greatest common divisor of 11856 and 321936?
912
What is the greatest common divisor of 41195 and 1057595?
385
Calculate the greatest common divisor of 6 and 12927846.
6
What is the highest common divisor of 419823 and 83425?
71
What is the highest common factor of 11300 and 1311704?
452
Calculate the greatest common divisor of 653626304 and 16.
16
What is the greatest common factor of 995 and 5697?
1
What is the greatest common divisor of 494 and 5127746?
26
What is the greatest common factor of 2254 and 11024314?
2254
Calculate the greatest common factor of 332 and 151066391.
83
Calculate the greatest common factor of 6134509 and 12351.
179
What is the highest common factor of 1204 and 301179052?
172
Calculate the greatest common divisor of 2525472 and 44.
4
What is the highest common factor of 2267256 and 6936?
408
Calculate the highest common factor of 264510459 and 415.
83
What is the greatest common divisor of 689 and 34955090?
53
Calculate the highest common divisor of 282919 and 12922.
91
What is the highest common divisor of 36042767 and 17944?
2243
What is the highest common divisor of 106152 and 3820?
4
What is the highest common factor of 45817230 and 63120?
7890
Calculate the highest common divisor of 623120 and 225840.
80
Calculate the highest common divisor of 30 and 34509438.
6
What is the greatest common divisor of 274142 and 256190?
374
What is the greatest common divisor of 802438 and 63830?
26
Calculate the highest common factor of 78475 and 21754.
73
What is the highest common divisor of 270798 and 1602408?
2238
Calculate the greatest common divisor of 4112 and 333818328.
2056
Calculate the greatest common factor of 129237 and 586249.
1873
What is the highest common divisor of 70 and 369600?
70
Calculate the greatest common factor of 805100 and 249.
83
Calculate the greatest common divisor of 154 and 641910458.
14
Calculate the highest common divisor of 25016095 and 4420.
1105
What is the greatest common factor of 14121504 and 288?
288
What is the greatest common factor of 345898 and 382560?
1594
What is the greatest common divisor of 682234568 and 107?
107
Calculate the highest common factor of 10180 and 538000.
20
Calculate the highest common factor of 2724 and 40591459.
227
What is the greatest common divisor of 42578008 and 2024?
88
What is the highest common factor of 140302 and 202130?
2378
Calculate the greatest common divisor of 33165 and 92682909.
6633
What is the highest common factor of 3456 and 1317376?
128
Calculate the greatest common factor of 27122 and 18247.
71
Calculate the highest common divisor of 2001604 and 4796.
44
Calculate the highest common factor of 420 and 3756570.
30
What is the greatest common factor of 848 and 215353628?
212
Calculate the greatest common divisor of 78446 and 5612.
122
What is the greatest common factor of 1342096 and 19792?
16
What is the highest common divisor of 398675 and 1221?
37
What is the greatest common divisor of 1654 and 26770?
2
What is the highest common factor of 2894483 and 1?
1
Calculate the highest common factor of 228 and 24263608.
76
What is the greatest common divisor of 126280 and 3699840?
1640
Calculate the highest common factor of 3972 and 70953822.
1986
Calculate the highest common factor of 725719 and 1630470.
3197
What is the greatest common divisor of 823526 and 2214?
82
What is the highest common divisor of 1840 and 34829360?
1840
Calculate the highest common factor of 2023944 and 3549.
507
Calculate the highest common divisor of 6 and 1492518.
6
What is the highest common factor of 62034 and 212121?
147
Calculate the highest common factor of 9499501 and 291.
97
Calculate the greatest common divisor of 210007 and 469091.
133
Calculate the greatest common factor of 1439 and 253349.
1
Calculate the greatest common divisor of 2277 and 742555.
253
What is the greatest common factor of 206409 and 2163?
21
Calculate the greatest common factor of 241738 and 49910.
434
What is the greatest common factor of 21608 and 234038?
146
What is the highest common factor of 29291220 and 210?
210
Calculate the highest common factor of 51 and 2982803.
17
Calculate the greatest common divisor of 1416 and 44283432.
24
Calculate the greatest common factor of 1344762 and 297.
27
What is the highest common divisor of 1587 and 109158?
69
What is the greatest common divisor of 323 and 134553725?
323
Calculate the highest common divisor of 44032 and 2604768.
1376
What is the greatest common divisor of 2364400 and 6440?
920
What is the greatest common divisor of 1323 and 47605754?
49
What is the highest common divisor of 184 and 706574168?
184
Calculate the greatest common divisor of 88775 and 1512525.
1675
What is the greatest common factor of 74601 and 19539?
9
What is the highest common divisor of 167 and 625?
1
What is the greatest common factor of 674268 and 3486?
42
What is the highest common divisor of 77437 and 17249?
367
What is the highest common factor of 13094828 and 1836?
68
What is the highest common divisor of 15376 and 139824?
16
What is the highest common divisor of 1291164 and 8090?
1618
What is the highest common factor of 2331184275 and 350?
175
What is the greatest common factor of 167627160 and 480?
120
Calculate the highest common factor of 423360 and 29680.
560
What is the highest common factor of 877180 and 23180?
1220
What is the greatest common divisor of 26175896 and 2096?
1048
Calculate the highest common factor of 17227 and 32683.
161
What is the highest common factor of 42 and 14657720?
14
Calculate the greatest common divisor of 16 and 711372.
4
Calculate the greatest common divisor of 500917 and 726363.
667
What is the highest common factor of 2063875 and 27808?
869
Calculate the greatest common divisor of 18 and 1011762.
18
What is the highest common divisor of 26595400 and 3900?
1300
What is the highest common divisor of 1785267 and 27?
27
Calculate the highest common divisor of 896 and 53729984.
448
What is the greatest common factor of 29880 and 1769560?
3320
What is the highest common divisor of 65 and 4998105?
5
What is the highest common factor of 60 and 39229332?
12
What is the greatest common factor of 182987511 and 1323?
147
Calculate the greatest common factor of 12703252 and 848.
212
Calculate the greatest common factor of 2240 and 8875440.
560
Calculate the greatest common divisor of 326672824 and 16.
8
Calculate the greatest common factor of 159300 and 2524020.
3540
What is the greatest common divisor of 1653 and 714210?
57
Calculate the highest common divisor of 105 and 29698795.
35
What is the highest common factor of 14063808 and 14784?
2112
Calculate the highest common divisor of 22535 and 9665.
5
What is the greatest common divisor of 1168528 and 355414?
398
Calculate the greatest common divisor of 220 and 25265420.
20
What is the highest common divisor of 26330668 and 98?
14
Calculate the greatest common factor of 813569096 and 24224.
6056
What is the greatest common factor of 719273 and 190596?
2269
Calculate the highest common factor of 37895970 and 1470.
210
Calculate the highest common divisor of 170 and 26253185.
85
What is the highest common divisor of 889785 and 810?
405
What is the highest common d